or of 19 and 67507?
19
What is the highest common divisor of 16430 and 15?
5
Calculate the highest common divisor of 794756 and 24.
4
What is the highest common divisor of 89324 and 9453?
137
What is the greatest common divisor of 1 and 12527?
1
What is the highest common factor of 151758 and 270?
18
Calculate the greatest common factor of 80 and 39920.
80
What is the greatest common divisor of 856 and 116?
4
Calculate the highest common factor of 825 and 139821.
33
What is the highest common divisor of 20 and 147835?
5
What is the highest common divisor of 316645 and 805?
35
Calculate the highest common factor of 1 and 907.
1
Calculate the highest common divisor of 108 and 31716.
36
Calculate the highest common divisor of 5124 and 3353.
7
What is the greatest common divisor of 2 and 41?
1
What is the greatest common divisor of 75 and 245975?
25
What is the highest common factor of 94854 and 6?
6
What is the greatest common factor of 270 and 2020?
10
What is the greatest common factor of 2349 and 30798?
261
Calculate the greatest common divisor of 9399 and 3666.
39
Calculate the greatest common factor of 16527 and 28.
7
What is the greatest common factor of 11385 and 1815?
165
What is the greatest common factor of 117 and 52286?
13
What is the highest common factor of 318 and 198?
6
What is the highest common factor of 2150 and 946?
86
Calculate the greatest common divisor of 724 and 380462.
362
What is the highest common factor of 6 and 10087974?
6
What is the highest common factor of 54 and 161442?
18
What is the greatest common divisor of 109265 and 5125?
205
What is the greatest common factor of 20077 and 799?
17
Calculate the highest common divisor of 5400 and 12300.
300
What is the greatest common factor of 32 and 1208?
8
What is the highest common factor of 46 and 5576810?
46
What is the highest common divisor of 189 and 2359?
7
Calculate the greatest common divisor of 28 and 135989.
7
Calculate the greatest common factor of 19545 and 210.
15
Calculate the highest common divisor of 10088 and 73684.
52
What is the greatest common factor of 6298 and 2?
2
Calculate the greatest common divisor of 22 and 16539578.
22
What is the highest common divisor of 154 and 755062?
154
What is the highest common factor of 425664 and 32?
32
Calculate the highest common divisor of 28 and 74116.
28
Calculate the greatest common factor of 123040 and 480.
160
What is the highest common factor of 893 and 65706?
47
Calculate the highest common factor of 4024 and 32.
8
Calculate the greatest common factor of 1110 and 12765.
555
Calculate the greatest common divisor of 658945 and 5360.
335
What is the highest common divisor of 3888 and 8181?
81
Calculate the highest common factor of 687344 and 112.
112
What is the highest common divisor of 2176 and 1058080?
544
What is the greatest common divisor of 12810 and 2898?
42
What is the greatest common divisor of 209 and 126797?
11
What is the highest common divisor of 1488 and 38256?
48
Calculate the greatest common divisor of 351 and 203983.
13
Calculate the greatest common factor of 316 and 872.
4
What is the highest common factor of 1 and 8612?
1
What is the highest common divisor of 33699 and 2491?
47
What is the greatest common factor of 462 and 18788?
154
What is the greatest common factor of 138 and 1464?
6
Calculate the highest common divisor of 42 and 7059.
3
Calculate the greatest common factor of 108771 and 78.
39
What is the greatest common divisor of 63 and 5769?
9
Calculate the highest common factor of 25389 and 126.
63
Calculate the highest common divisor of 336 and 158606.
14
Calculate the highest common factor of 525 and 2289.
21
What is the greatest common factor of 18 and 904113?
9
What is the greatest common factor of 61407 and 36?
9
What is the highest common factor of 973 and 14317?
139
Calculate the greatest common divisor of 148386 and 1932.
42
Calculate the highest common factor of 38450 and 4.
2
Calculate the greatest common divisor of 187600 and 35.
35
What is the greatest common factor of 1048358 and 21793?
1147
Calculate the highest common factor of 2 and 21194.
2
What is the greatest common divisor of 501226 and 66?
22
Calculate the highest common factor of 2 and 30770.
2
Calculate the greatest common divisor of 4866066 and 18.
18
What is the greatest common factor of 1316 and 6005566?
658
Calculate the greatest common factor of 3362 and 9758.
82
What is the greatest common divisor of 1527 and 51?
3
What is the greatest common divisor of 75 and 35265?
15
What is the greatest common factor of 3360 and 729680?
560
Calculate the highest common divisor of 42828 and 747.
249
Calculate the greatest common divisor of 220620 and 190.
10
What is the highest common divisor of 634 and 1546?
2
Calculate the greatest common factor of 1356 and 197411.
113
Calculate the greatest common factor of 15502227 and 13.
13
What is the highest common factor of 154438 and 222?
74
Calculate the greatest common divisor of 913280 and 1920.
640
Calculate the highest common divisor of 1737 and 369.
9
What is the greatest common factor of 40 and 5448?
8
What is the highest common divisor of 732 and 53924?
244
What is the greatest common factor of 2886 and 10286?
74
Calculate the greatest common factor of 56878 and 32.
2
Calculate the highest common divisor of 370 and 104710.
370
Calculate the highest common factor of 563 and 33.
1
Calculate the greatest common factor of 1322 and 64117.
661
Calculate the highest common divisor of 210338 and 9036.
502
What is the greatest common divisor of 46621 and 23?
23
What is the greatest common divisor of 156351 and 38?
19
Calculate the greatest common divisor of 20230 and 476.
238
What is the highest common factor of 17 and 4923132?
17
What is the greatest common divisor of 6804 and 24?
12
What is the greatest common factor of 939 and 3340023?
939
What is the greatest common factor of 1648 and 49234?
206
What is the greatest common factor of 56 and 285908?
28
What is the greatest common divisor of 21600 and 81360?
720
Calculate the highest common divisor of 4979 and 19331.
13
What is the highest common divisor of 528 and 1221?
33
Calculate the highest common factor of 2807 and 647615.
401
What is the highest common factor of 384554 and 470?
94
What is the greatest common divisor of 294 and 1124697?
147
Calculate the highest common divisor of 156 and 113334.
78
Calculate the greatest common divisor of 625 and 293375.
125
Calculate the highest common divisor of 102345 and 30.
15
What is the highest common divisor of 49804 and 48?
4
What is the highest common factor of 779466 and 24450?
978
Calculate the highest common factor of 27477 and 1419.
129
Calculate the greatest common factor of 605076 and 48.
12
Calculate the highest common divisor of 2675 and 9375.
25
Calculate the greatest common factor of 273 and 234962.
91
Calculate the greatest common factor of 6878 and 4712.
38
Calculate the highest common factor of 1224018 and 54.
54
Calculate the greatest common divisor of 12472 and 232.
8
What is the highest common divisor of 3 and 24399?
3
What is the highest common factor of 148 and 1517?
37
Calculate the greatest common divisor of 1306256 and 13696.
1712
What is the highest common factor of 170 and 21970?
10
What is the greatest common factor of 150 and 7710?
30
What is the greatest common divisor of 7 and 126889?
7
What is the greatest common factor of 26 and 10815493?
13
Calculate the greatest common factor of 143991 and 108.
27
Calculate the highest common factor of 405025 and 850.
425
Calculate the greatest common factor of 111 and 14963577.
111
Calculate the highest common factor of 148 and 7930.
2
Calculate the highest common factor of 4018 and 952.
14
What is the greatest common factor of 1844648 and 104?
104
What is the greatest common factor of 206 and 90537?
103
What is the highest common factor of 18 and 40962?
6
Calculate the highest common divisor of 30688 and 685.
137
What is the greatest common divisor of 79149 and 63?
21
What is the highest common factor of 8585 and 2252704?
1717
What is the highest common factor of 57812 and 8148?
388
Calculate the greatest common divisor of 632 and 26424.
8
What is the highest common divisor of 79167 and 12?
3
What is the 